{"id":6657,"date":"2022-02-08T16:44:38","date_gmt":"2022-02-08T16:44:38","guid":{"rendered":"http:\/\/216.158.92.118\/?page_id=6657"},"modified":"2026-02-05T18:16:42","modified_gmt":"2026-02-05T18:16:42","slug":"acercade-integrantes-1","status":"publish","type":"page","link":"https:\/\/juntadegobierno.uabc.mx\/?page_id=6657","title":{"rendered":"UABC &#8211; Junta de Gobierno &#8211; Acerca de &#8211; Integrantes"},"content":{"rendered":"\t\t<div data-elementor-type=\"wp-page\" data-elementor-id=\"6657\" class=\"elementor elementor-6657\" data-elementor-settings=\"[]\">\n\t\t\t\t\t\t\t<div class=\"elementor-section-wrap\">\n\t\t\t\t\t\t\t<section class=\"elementor-section elementor-top-section elementor-element elementor-element-900cdb3 elementor-section-boxed elementor-section-height-default elementor-section-height-default\" data-id=\"900cdb3\" data-element_type=\"section\">\n\t\t\t\t\t\t\t<div class=\"elementor-background-overlay\"><\/div>\n\t\t\t\t\t\t\t<div class=\"elementor-container elementor-column-gap-default\">\n\t\t\t\t\t<div class=\"elementor-column elementor-col-100 elementor-top-column elementor-element elementor-element-4022230\" data-id=\"4022230\" data-element_type=\"column\">\n\t\t\t<div class=\"elementor-widget-wrap elementor-element-populated\">\n\t\t\t\t\t\t\t\t<section class=\"elementor-section elementor-inner-section elementor-element elementor-element-c224787 elementor-section-boxed elementor-section-height-default elementor-section-height-default\" data-id=\"c224787\" data-element_type=\"section\">\n\t\t\t\t\t\t<div class=\"elementor-container elementor-column-gap-default\">\n\t\t\t\t\t<div class=\"elementor-column elementor-col-100 elementor-inner-column elementor-element elementor-element-162261d\" data-id=\"162261d\" data-element_type=\"column\">\n\t\t\t<div class=\"elementor-widget-wrap elementor-element-populated\">\n\t\t\t\t\t\t\t\t<div class=\"elementor-element elementor-element-9dd0f06 elementor-widget elementor-widget-heading\" data-id=\"9dd0f06\" data-element_type=\"widget\" data-widget_type=\"heading.default\">\n\t\t\t\t<div class=\"elementor-widget-container\">\n\t\t\t<h2 class=\"elementor-heading-title elementor-size-default\">Integrantes de la Junta de Gobierno<\/h2>\t\t<\/div>\n\t\t\t\t<\/div>\n\t\t\t\t<div class=\"elementor-element elementor-element-9b93051 elementor-widget elementor-widget-text-editor\" data-id=\"9b93051\" data-element_type=\"widget\" data-widget_type=\"text-editor.default\">\n\t\t\t\t<div class=\"elementor-widget-container\">\n\t\t\t\t\t\t\t\t<p>Para ser integrante de la Junta de Gobierno se requiere ser mexicano por nacimiento o naturalizaci\u00f3n, y haber residido cuando menos diez a\u00f1os en el estado; ser mayor de 35 a\u00f1os de edad y menor de 70 a\u00f1os; poseer un grado superior al de bachiller y haberse distinguido en su especialidad, haber demostrado inter\u00e9s en asuntos universitarios o de \u00edndole cultural, y gozar de estimaci\u00f3n general como persona honorable y prudente.<\/p><p>Los miembros de la Junta de Gobierno s\u00f3lo pueden ocupar, dentro de la Universidad, cargos docentes o de investigaci\u00f3n, y hasta que hayan transcurrido dos a\u00f1os de su separaci\u00f3n, podr\u00e1n ser designados: rector o directores de facultades, escuelas o institutos. El cargo de miembro de la Junta de Gobierno es honorario.<\/p><p>Las vacantes que ocurren en la Junta de Gobierno por insaculaci\u00f3n, muerte, incapacidad o l\u00edmite de edad son cubiertas por elementos nombrados por el Consejo Universitario. En caso de que el origen de la vacante sea la renuncia, son los mismos integrantes de la Junta quienes designan al nuevo elemento.<\/p>\t\t\t\t\t\t<\/div>\n\t\t\t\t<\/div>\n\t\t\t\t<div class=\"elementor-element elementor-element-e134dce elementor-widget elementor-widget-heading\" data-id=\"e134dce\" data-element_type=\"widget\" data-widget_type=\"heading.default\">\n\t\t\t\t<div class=\"elementor-widget-container\">\n\t\t\t<h2 class=\"elementor-heading-title elementor-size-default\">Miembros actuales<\/h2>\t\t<\/div>\n\t\t\t\t<\/div>\n\t\t\t\t\t<\/div>\n\t\t<\/div>\n\t\t\t\t\t\t\t<\/div>\n\t\t<\/section>\n\t\t\t\t<section class=\"elementor-section elementor-inner-section elementor-element elementor-element-e5f5729 elementor-section-boxed elementor-section-height-default elementor-section-height-default\" data-id=\"e5f5729\" data-element_type=\"section\">\n\t\t\t\t\t\t<div class=\"elementor-container elementor-column-gap-default\">\n\t\t\t\t\t<div class=\"elementor-column elementor-col-50 elementor-inner-column elementor-element elementor-element-d123927\" data-id=\"d123927\" data-element_type=\"column\">\n\t\t\t<div class=\"elementor-widget-wrap elementor-element-populated\">\n\t\t\t\t\t\t\t\t<div class=\"elementor-element elementor-element-3f5c66e elementor-widget elementor-widget-image\" data-id=\"3f5c66e\" data-element_type=\"widget\" data-widget_type=\"image.default\">\n\t\t\t\t<div class=\"elementor-widget-container\">\n\t\t\t\t\t\t\t\t\t\t\t\t<figure class=\"wp-caption\">\n\t\t\t\t\t\t\t\t\t\t<img src=\"https:\/\/juntadegobierno.uabc.mx\/wp-content\/uploads\/elementor\/thumbs\/FotoOscarLopez-1-scaled-r5dfsp36boy9wvs4s2rgmp69luw51eazrmynva3hzk.jpg\" title=\"FotoOscarLopez (1)\" alt=\"FotoOscarLopez (1)\" \/>\t\t\t\t\t\t\t\t\t\t\t<figcaption class=\"widget-image-caption wp-caption-text\"><h4>Oscar Roberto L\u00f3pez Bonilla<\/h4><\/figcaption>\n\t\t\t\t\t\t\t\t\t\t<\/figure>\n\t\t\t\t\t\t\t\t\t<\/div>\n\t\t\t\t<\/div>\n\t\t\t\t<div class=\"elementor-element elementor-element-acf2458 elementor-widget elementor-widget-text-editor\" data-id=\"acf2458\" data-element_type=\"widget\" data-widget_type=\"text-editor.default\">\n\t\t\t\t<div class=\"elementor-widget-container\">\n\t\t\t\t\t\t\t\t<center><br \/><b style=\"font-size: +1.3em;\">Presidente<\/b><\/center><p style=\"text-align: center;\"><a style=\"color: dodgerblue;\" href=\"https:\/\/drive.google.com\/file\/d\/1ZLqrxcjQCKWlPjwjG9-lhaUBLSE-HchL\/view?usp=sharing\">Curr\u00edculum<\/a><\/p>\t\t\t\t\t\t<\/div>\n\t\t\t\t<\/div>\n\t\t\t\t\t<\/div>\n\t\t<\/div>\n\t\t\t\t<div class=\"elementor-column elementor-col-50 elementor-inner-column elementor-element elementor-element-fea582c\" data-id=\"fea582c\" data-element_type=\"column\">\n\t\t\t<div class=\"elementor-widget-wrap elementor-element-populated\">\n\t\t\t\t\t\t\t\t<div class=\"elementor-element elementor-element-2c6f517 elementor-widget elementor-widget-image\" data-id=\"2c6f517\" data-element_type=\"widget\" data-widget_type=\"image.default\">\n\t\t\t\t<div class=\"elementor-widget-container\">\n\t\t\t\t\t\t\t\t\t\t\t\t<figure class=\"wp-caption\">\n\t\t\t\t\t\t\t\t\t\t<img src=\"https:\/\/juntadegobierno.uabc.mx\/wp-content\/uploads\/elementor\/thumbs\/8x10_CMZ1770-r21oclfkzzaawa0ofsicgxkh1nl2bv0rf28c5cml00.jpg\" title=\"Evoto\" alt=\"Evoto\" \/>\t\t\t\t\t\t\t\t\t\t\t<figcaption class=\"widget-image-caption wp-caption-text\"><h4>Roberto Soto Ortiz<\/h4><\/figcaption>\n\t\t\t\t\t\t\t\t\t\t<\/figure>\n\t\t\t\t\t\t\t\t\t<\/div>\n\t\t\t\t<\/div>\n\t\t\t\t<div class=\"elementor-element elementor-element-8f6414b elementor-widget elementor-widget-text-editor\" data-id=\"8f6414b\" data-element_type=\"widget\" data-widget_type=\"text-editor.default\">\n\t\t\t\t<div class=\"elementor-widget-container\">\n\t\t\t\t\t\t\t\t<center><br \/><b style=\"font-size: +1.3em;\">Secretario<\/b><\/center><p style=\"text-align: center;\"><a style=\"color: dodgerblue;\" href=\"https:\/\/drive.google.com\/file\/d\/1TC6Hc7wmraEYdtfibfRMlz_kqB2LVC36\/view?usp=sharing\">Curr\u00edculum<\/a><\/p>\t\t\t\t\t\t<\/div>\n\t\t\t\t<\/div>\n\t\t\t\t\t<\/div>\n\t\t<\/div>\n\t\t\t\t\t\t\t<\/div>\n\t\t<\/section>\n\t\t\t\t<section class=\"elementor-section elementor-inner-section elementor-element elementor-element-c0b3b47 elementor-section-boxed elementor-section-height-default elementor-section-height-default\" data-id=\"c0b3b47\" data-element_type=\"section\">\n\t\t\t\t\t\t<div class=\"elementor-container elementor-column-gap-default\">\n\t\t\t\t\t<div class=\"elementor-column elementor-col-33 elementor-inner-column elementor-element elementor-element-062e0c7\" data-id=\"062e0c7\" data-element_type=\"column\">\n\t\t\t<div class=\"elementor-widget-wrap elementor-element-populated\">\n\t\t\t\t\t\t\t\t<div class=\"elementor-element elementor-element-60709d4 elementor-widget elementor-widget-image\" data-id=\"60709d4\" data-element_type=\"widget\" data-widget_type=\"image.default\">\n\t\t\t\t<div class=\"elementor-widget-container\">\n\t\t\t\t\t\t\t\t\t\t\t\t<figure class=\"wp-caption\">\n\t\t\t\t\t\t\t\t\t\t<img src=\"https:\/\/juntadegobierno.uabc.mx\/wp-content\/uploads\/elementor\/thumbs\/Dr-Juan-Fernando-Vizcarra_CMZ0868-qn8vb2f3bqufb7irdomezexlp4qscu3nh9shrd72wc.jpg\" title=\"Dr Juan Fernando Vizcarra_CMZ0868\" alt=\"Dr Juan Fernando Vizcarra_CMZ0868\" \/>\t\t\t\t\t\t\t\t\t\t\t<figcaption class=\"widget-image-caption wp-caption-text\"><h4>Juan Fernando Vizcarra Schumm<\/h4><\/figcaption>\n\t\t\t\t\t\t\t\t\t\t<\/figure>\n\t\t\t\t\t\t\t\t\t<\/div>\n\t\t\t\t<\/div>\n\t\t\t\t<div class=\"elementor-element elementor-element-4aca045 elementor-widget elementor-widget-text-editor\" data-id=\"4aca045\" data-element_type=\"widget\" data-widget_type=\"text-editor.default\">\n\t\t\t\t<div class=\"elementor-widget-container\">\n\t\t\t\t\t\t\t\t<center><br \/><a style=\"color: dodgerblue;\" href=\"https:\/\/drive.google.com\/file\/d\/1dHdcDsBjX61gkP0eJxzunBb4__rwJS6I\/view?usp=sharing\">Curr\u00edculum<\/a><\/center>\t\t\t\t\t\t<\/div>\n\t\t\t\t<\/div>\n\t\t\t\t\t<\/div>\n\t\t<\/div>\n\t\t\t\t<div class=\"elementor-column elementor-col-33 elementor-inner-column elementor-element elementor-element-b69bdb1\" data-id=\"b69bdb1\" data-element_type=\"column\">\n\t\t\t<div class=\"elementor-widget-wrap elementor-element-populated\">\n\t\t\t\t\t\t\t\t<div class=\"elementor-element elementor-element-c756bd7 elementor-widget elementor-widget-image\" data-id=\"c756bd7\" data-element_type=\"widget\" data-widget_type=\"image.default\">\n\t\t\t\t<div class=\"elementor-widget-container\">\n\t\t\t\t\t\t\t\t\t\t\t\t<figure class=\"wp-caption\">\n\t\t\t\t\t\t\t\t\t\t<img src=\"https:\/\/juntadegobierno.uabc.mx\/wp-content\/uploads\/elementor\/thumbs\/Dra-Lucrecia-Arzamendi-Cepeda-qn8vb4arpewzyfg12pfo4egivwhis8b45j3gpx4ajw.jpg\" title=\"Dra Lucrecia Arzamendi Cepeda\" alt=\"Dra Lucrecia Arzamendi Cepeda\" \/>\t\t\t\t\t\t\t\t\t\t\t<figcaption class=\"widget-image-caption wp-caption-text\"><h4>Lucrecia Rebeca Arzamendi Cepeda<\/h4><\/figcaption>\n\t\t\t\t\t\t\t\t\t\t<\/figure>\n\t\t\t\t\t\t\t\t\t<\/div>\n\t\t\t\t<\/div>\n\t\t\t\t<div class=\"elementor-element elementor-element-ba80839 elementor-widget elementor-widget-text-editor\" data-id=\"ba80839\" data-element_type=\"widget\" data-widget_type=\"text-editor.default\">\n\t\t\t\t<div class=\"elementor-widget-container\">\n\t\t\t\t\t\t\t\t<center><br \/><a style=\"color: dodgerblue;\" href=\"https:\/\/drive.google.com\/file\/d\/1dAuFY9pNDv9gxog22we5mCEa-fiEyH9R\/view?usp=sharing\">Curr\u00edculum<\/a><\/center>\t\t\t\t\t\t<\/div>\n\t\t\t\t<\/div>\n\t\t\t\t\t<\/div>\n\t\t<\/div>\n\t\t\t\t<div class=\"elementor-column elementor-col-33 elementor-inner-column elementor-element elementor-element-324ca91\" data-id=\"324ca91\" data-element_type=\"column\">\n\t\t\t<div class=\"elementor-widget-wrap elementor-element-populated\">\n\t\t\t\t\t\t\t\t<div class=\"elementor-element elementor-element-f8147b9 elementor-widget elementor-widget-image\" data-id=\"f8147b9\" data-element_type=\"widget\" data-widget_type=\"image.default\">\n\t\t\t\t<div class=\"elementor-widget-container\">\n\t\t\t\t\t\t\t\t\t\t\t\t<figure class=\"wp-caption\">\n\t\t\t\t\t\t\t\t\t\t<img src=\"https:\/\/juntadegobierno.uabc.mx\/wp-content\/uploads\/elementor\/thumbs\/IMG_7587-rgcur31v2lum4xnaafd5zwdp5evr47dvbt8nd4a8vg.jpeg\" title=\"IMG_7587\" alt=\"IMG_7587\" \/>\t\t\t\t\t\t\t\t\t\t\t<figcaption class=\"widget-image-caption wp-caption-text\"><h4>Lilia Mart\u00ednez Lobatos<\/h4><\/figcaption>\n\t\t\t\t\t\t\t\t\t\t<\/figure>\n\t\t\t\t\t\t\t\t\t<\/div>\n\t\t\t\t<\/div>\n\t\t\t\t<div class=\"elementor-element elementor-element-6447a15 elementor-widget elementor-widget-text-editor\" data-id=\"6447a15\" data-element_type=\"widget\" data-widget_type=\"text-editor.default\">\n\t\t\t\t<div class=\"elementor-widget-container\">\n\t\t\t\t\t\t\t\t<center><br \/><a style=\"color: dodgerblue;\" href=\"https:\/\/drive.google.com\/file\/d\/1TUbqg0h_QVUEEe62ld1oGkgdRw8NG2kp\/view?usp=sharing\">Curr\u00edculum<\/a><\/center>\t\t\t\t\t\t<\/div>\n\t\t\t\t<\/div>\n\t\t\t\t\t<\/div>\n\t\t<\/div>\n\t\t\t\t\t\t\t<\/div>\n\t\t<\/section>\n\t\t\t\t<section class=\"elementor-section elementor-inner-section elementor-element elementor-element-855cc09 elementor-section-boxed elementor-section-height-default elementor-section-height-default\" data-id=\"855cc09\" data-element_type=\"section\">\n\t\t\t\t\t\t<div class=\"elementor-container elementor-column-gap-narrow\">\n\t\t\t\t\t<div class=\"elementor-column elementor-col-33 elementor-inner-column elementor-element elementor-element-1854093\" data-id=\"1854093\" data-element_type=\"column\">\n\t\t\t<div class=\"elementor-widget-wrap elementor-element-populated\">\n\t\t\t\t\t\t\t\t<div class=\"elementor-element elementor-element-00c5573 elementor-widget elementor-widget-image\" data-id=\"00c5573\" data-element_type=\"widget\" data-widget_type=\"image.default\">\n\t\t\t\t<div class=\"elementor-widget-container\">\n\t\t\t\t\t\t\t\t\t\t\t\t<figure class=\"wp-caption\">\n\t\t\t\t\t\t\t\t\t\t<img src=\"https:\/\/juntadegobierno.uabc.mx\/wp-content\/uploads\/elementor\/thumbs\/Q-Socorro-Macias-Ahumada-qn8vb824gr258vakgr26edid9fyzn0q1i1pen0ypv0.jpg\" title=\"Q Socorro Macias Ahumada\" alt=\"Q Socorro Macias Ahumada\" \/>\t\t\t\t\t\t\t\t\t\t\t<figcaption class=\"widget-image-caption wp-caption-text\"><h4>Socorro Mac\u00edas Ahumada<\/h4><\/figcaption>\n\t\t\t\t\t\t\t\t\t\t<\/figure>\n\t\t\t\t\t\t\t\t\t<\/div>\n\t\t\t\t<\/div>\n\t\t\t\t<div class=\"elementor-element elementor-element-14f6ca1 elementor-widget elementor-widget-text-editor\" data-id=\"14f6ca1\" data-element_type=\"widget\" data-widget_type=\"text-editor.default\">\n\t\t\t\t<div class=\"elementor-widget-container\">\n\t\t\t\t\t\t\t\t<center><br \/><a style=\"color: dodgerblue;\" href=\"https:\/\/drive.google.com\/file\/d\/11fXQxwmfeS4DMtaO9F8ABOy5toIMdoLI\/view?usp=sharing\">Curr\u00edculum<\/a><\/center>\t\t\t\t\t\t<\/div>\n\t\t\t\t<\/div>\n\t\t\t\t\t<\/div>\n\t\t<\/div>\n\t\t\t\t<div class=\"elementor-column elementor-col-33 elementor-inner-column elementor-element elementor-element-fef709d\" data-id=\"fef709d\" data-element_type=\"column\">\n\t\t\t<div class=\"elementor-widget-wrap elementor-element-populated\">\n\t\t\t\t\t\t\t\t<div class=\"elementor-element elementor-element-106c6df elementor-widget elementor-widget-image\" data-id=\"106c6df\" data-element_type=\"widget\" data-widget_type=\"image.default\">\n\t\t\t\t<div class=\"elementor-widget-container\">\n\t\t\t\t\t\t\t\t\t\t\t\t<figure class=\"wp-caption\">\n\t\t\t\t\t\t\t\t\t\t<img src=\"https:\/\/juntadegobierno.uabc.mx\/wp-content\/uploads\/elementor\/thumbs\/Dr-Cabello-Pasini-web-qn8vazlkr8qkcdmuu5ej9xn7wz4opqsggvu1bjb9f0.jpg\" title=\"Dr Cabello Pasini &#8211; web\" alt=\"Dr Cabello Pasini - web\" \/>\t\t\t\t\t\t\t\t\t\t\t<figcaption class=\"widget-image-caption wp-caption-text\"><h4>Alejandro Cabello Pasini<\/h4><\/figcaption>\n\t\t\t\t\t\t\t\t\t\t<\/figure>\n\t\t\t\t\t\t\t\t\t<\/div>\n\t\t\t\t<\/div>\n\t\t\t\t<div class=\"elementor-element elementor-element-6bda410 elementor-widget elementor-widget-text-editor\" data-id=\"6bda410\" data-element_type=\"widget\" data-widget_type=\"text-editor.default\">\n\t\t\t\t<div class=\"elementor-widget-container\">\n\t\t\t\t\t\t\t\t<center><br \/><a style=\"color: dodgerblue;\" href=\"https:\/\/drive.google.com\/file\/d\/1bdUKYCl1mfSNJR_HThaIyJaTGzEsUIcQ\/view?usp=sharing\">Curr\u00edculum<\/a><\/center>\t\t\t\t\t\t<\/div>\n\t\t\t\t<\/div>\n\t\t\t\t\t<\/div>\n\t\t<\/div>\n\t\t\t\t<div class=\"elementor-column elementor-col-33 elementor-inner-column elementor-element elementor-element-b272df9\" data-id=\"b272df9\" data-element_type=\"column\">\n\t\t\t<div class=\"elementor-widget-wrap elementor-element-populated\">\n\t\t\t\t\t\t\t\t<div class=\"elementor-element elementor-element-4a86ed2 elementor-widget elementor-widget-image\" data-id=\"4a86ed2\" data-element_type=\"widget\" data-widget_type=\"image.default\">\n\t\t\t\t<div class=\"elementor-widget-container\">\n\t\t\t\t\t\t\t\t\t\t\t\t<figure class=\"wp-caption\">\n\t\t\t\t\t\t\t\t\t\t<img src=\"https:\/\/juntadegobierno.uabc.mx\/wp-content\/uploads\/elementor\/thumbs\/Mtra-Carmen-Villanueva-UABC_CMZ2034-qn8vb74a9x0ux9bxm8njtvqwo23mfbmb5x1x5r0418.jpg\" title=\"Mtra Carmen Villanueva &#8211; UABC_CMZ2034\" alt=\"Mtra Carmen Villanueva - UABC_CMZ2034\" \/>\t\t\t\t\t\t\t\t\t\t\t<figcaption class=\"widget-image-caption wp-caption-text\"><h4>Mar\u00eda Carmen Villanueva Espinoza<\/h4><\/figcaption>\n\t\t\t\t\t\t\t\t\t\t<\/figure>\n\t\t\t\t\t\t\t\t\t<\/div>\n\t\t\t\t<\/div>\n\t\t\t\t<div class=\"elementor-element elementor-element-1b98f5c elementor-widget elementor-widget-text-editor\" data-id=\"1b98f5c\" data-element_type=\"widget\" data-widget_type=\"text-editor.default\">\n\t\t\t\t<div class=\"elementor-widget-container\">\n\t\t\t\t\t\t\t\t<center><br \/><a style=\"color: dodgerblue;\" href=\"https:\/\/drive.google.com\/file\/d\/1cIh6_yxsLGmv0kFmFIl0dIBNBStqADns\/view?usp=sharing\">Curr\u00edculum<\/a><\/center>\t\t\t\t\t\t<\/div>\n\t\t\t\t<\/div>\n\t\t\t\t\t<\/div>\n\t\t<\/div>\n\t\t\t\t\t\t\t<\/div>\n\t\t<\/section>\n\t\t\t\t<section class=\"elementor-section elementor-inner-section elementor-element elementor-element-e714878 elementor-section-boxed elementor-section-height-default elementor-section-height-default\" data-id=\"e714878\" data-element_type=\"section\">\n\t\t\t\t\t\t<div class=\"elementor-container elementor-column-gap-default\">\n\t\t\t\t\t<div class=\"elementor-column elementor-col-33 elementor-inner-column elementor-element elementor-element-9610569\" data-id=\"9610569\" data-element_type=\"column\">\n\t\t\t<div class=\"elementor-widget-wrap elementor-element-populated\">\n\t\t\t\t\t\t\t\t<div class=\"elementor-element elementor-element-c849117 elementor-widget elementor-widget-image\" data-id=\"c849117\" data-element_type=\"widget\" data-widget_type=\"image.default\">\n\t\t\t\t<div class=\"elementor-widget-container\">\n\t\t\t\t\t\t\t\t\t\t\t\t<figure class=\"wp-caption\">\n\t\t\t\t\t\t\t\t\t\t<img src=\"https:\/\/juntadegobierno.uabc.mx\/wp-content\/uploads\/elementor\/thumbs\/Mtra-Anabel-Magana-qn8vb74a9x0ux9bxm8njtvqwo23mfbmb5x1x5r0418.jpg\" title=\"Mtra Anabel Maga\u00f1a\" alt=\"Mtra Anabel Maga\u00f1a\" \/>\t\t\t\t\t\t\t\t\t\t\t<figcaption class=\"widget-image-caption wp-caption-text\"><h4>Anabel Maga\u00f1a Rosas<\/h4><\/figcaption>\n\t\t\t\t\t\t\t\t\t\t<\/figure>\n\t\t\t\t\t\t\t\t\t<\/div>\n\t\t\t\t<\/div>\n\t\t\t\t<div class=\"elementor-element elementor-element-aa8f63e elementor-widget elementor-widget-text-editor\" data-id=\"aa8f63e\" data-element_type=\"widget\" data-widget_type=\"text-editor.default\">\n\t\t\t\t<div class=\"elementor-widget-container\">\n\t\t\t\t\t\t\t\t<center><br \/><a style=\"color: dodgerblue;\" href=\"https:\/\/drive.google.com\/file\/d\/11ln0XrPy7rdaJqs9ZAB8SM-P58GxN__J\/view?usp=sharing\">Curr\u00edculum<\/a><\/center>\t\t\t\t\t\t<\/div>\n\t\t\t\t<\/div>\n\t\t\t\t\t<\/div>\n\t\t<\/div>\n\t\t\t\t<div class=\"elementor-column elementor-col-33 elementor-inner-column elementor-element elementor-element-0ff7e8d\" data-id=\"0ff7e8d\" data-element_type=\"column\">\n\t\t\t<div class=\"elementor-widget-wrap elementor-element-populated\">\n\t\t\t\t\t\t\t\t<div class=\"elementor-element elementor-element-6a23279 elementor-widget elementor-widget-image\" data-id=\"6a23279\" data-element_type=\"widget\" data-widget_type=\"image.default\">\n\t\t\t\t<div class=\"elementor-widget-container\">\n\t\t\t\t\t\t\t\t\t\t\t\t<figure class=\"wp-caption\">\n\t\t\t\t\t\t\t\t\t\t<img src=\"https:\/\/juntadegobierno.uabc.mx\/wp-content\/uploads\/elementor\/thumbs\/Dra.-Marcela-Rodriguez-qn8vb66g32zklndarq8x9dzg2o897miktsefoh1i7g.jpg\" title=\"Dra. Marcela Rodr\u00edguez\" alt=\"Dra. Marcela Rodr\u00edguez\" \/>\t\t\t\t\t\t\t\t\t\t\t<figcaption class=\"widget-image-caption wp-caption-text\"><h4>Marcela Deyanira Rodr\u00edguez Urrea<\/h4><\/figcaption>\n\t\t\t\t\t\t\t\t\t\t<\/figure>\n\t\t\t\t\t\t\t\t\t<\/div>\n\t\t\t\t<\/div>\n\t\t\t\t<div class=\"elementor-element elementor-element-cf66615 elementor-widget elementor-widget-text-editor\" data-id=\"cf66615\" data-element_type=\"widget\" data-widget_type=\"text-editor.default\">\n\t\t\t\t<div class=\"elementor-widget-container\">\n\t\t\t\t\t\t\t\t<center><br \/><a style=\"color: dodgerblue;\" href=\"https:\/\/drive.google.com\/file\/d\/1PHnGWxm958YaITi5jG-Z-ARIgqoPEpOB\/view?usp=sharing\">Curr\u00edculum<\/a><\/center>\t\t\t\t\t\t<\/div>\n\t\t\t\t<\/div>\n\t\t\t\t\t<\/div>\n\t\t<\/div>\n\t\t\t\t<div class=\"elementor-column elementor-col-33 elementor-inner-column elementor-element elementor-element-b4aaec2\" data-id=\"b4aaec2\" data-element_type=\"column\">\n\t\t\t<div class=\"elementor-widget-wrap elementor-element-populated\">\n\t\t\t\t\t\t\t\t<div class=\"elementor-element elementor-element-121c66d elementor-widget elementor-widget-image\" data-id=\"121c66d\" data-element_type=\"widget\" data-widget_type=\"image.default\">\n\t\t\t\t<div class=\"elementor-widget-container\">\n\t\t\t\t\t\t\t\t\t\t\t\t<figure class=\"wp-caption\">\n\t\t\t\t\t\t\t\t\t\t<img src=\"https:\/\/juntadegobierno.uabc.mx\/wp-content\/uploads\/elementor\/thumbs\/WhatsApp-Image-2026-02-04-at-1.00.42-PM-ripw6o3xzb799b651ho0xw1arq0aiqqkcidscugvvw.jpeg\" title=\"WhatsApp Image 2026-02-04 at 1.00.42 PM\" alt=\"WhatsApp Image 2026-02-04 at 1.00.42 PM\" \/>\t\t\t\t\t\t\t\t\t\t\t<figcaption class=\"widget-image-caption wp-caption-text\"><h4>Jos\u00e9 de Jes\u00fas D\u00edaz de la Torre<\/h4><\/figcaption>\n\t\t\t\t\t\t\t\t\t\t<\/figure>\n\t\t\t\t\t\t\t\t\t<\/div>\n\t\t\t\t<\/div>\n\t\t\t\t<div class=\"elementor-element elementor-element-e56fd08 elementor-widget elementor-widget-text-editor\" data-id=\"e56fd08\" data-element_type=\"widget\" data-widget_type=\"text-editor.default\">\n\t\t\t\t<div class=\"elementor-widget-container\">\n\t\t\t\t\t\t\t\t<center><br \/><a style=\"color: dodgerblue;\" href=\"https:\/\/drive.google.com\/file\/d\/14iB7s6LE9J6BqJ4Ga3hZlHXFkaMazJpz\/view?usp=sharing\">Curr\u00edculum<\/a><\/center>\t\t\t\t\t\t<\/div>\n\t\t\t\t<\/div>\n\t\t\t\t\t<\/div>\n\t\t<\/div>\n\t\t\t\t\t\t\t<\/div>\n\t\t<\/section>\n\t\t\t\t\t<\/div>\n\t\t<\/div>\n\t\t\t\t\t\t\t<\/div>\n\t\t<\/section>\n\t\t\t\t\t\t<\/div>\n\t\t\t\t\t<\/div>\n\t\t","protected":false},"excerpt":{"rendered":"<p>Integrantes de la Junta de Gobierno Para ser integrante de la Junta de Gobierno se requiere ser mexicano por nacimiento o naturalizaci\u00f3n, y haber residido cuando menos diez a\u00f1os en el estado; ser mayor de 35 a\u00f1os de edad y menor de 70 a\u00f1os; poseer un grado superior al de bachiller y haberse distinguido en &hellip;<\/p>\n<p class=\"read-more\"> <a class=\"\" href=\"https:\/\/juntadegobierno.uabc.mx\/?page_id=6657\"> <span class=\"screen-reader-text\">UABC &#8211; Junta de Gobierno &#8211; Acerca de &#8211; Integrantes<\/span> Read More \u00bb<\/a><\/p>\n","protected":false},"author":1,"featured_media":0,"parent":0,"menu_order":0,"comment_status":"closed","ping_status":"closed","template":"","meta":[],"rttpg_featured_image_url":null,"rttpg_author":{"display_name":"admin","author_link":"https:\/\/juntadegobierno.uabc.mx\/?author=1"},"rttpg_comment":0,"rttpg_category":null,"rttpg_excerpt":"Integrantes de la Junta de Gobierno Para ser integrante de la Junta de Gobierno se requiere ser mexicano por nacimiento o naturalizaci\u00f3n, y haber residido cuando menos diez a\u00f1os en el estado; ser mayor de 35 a\u00f1os de edad y menor de 70 a\u00f1os; poseer un grado superior al de bachiller y haberse distinguido en&hellip;","_links":{"self":[{"href":"https:\/\/juntadegobierno.uabc.mx\/index.php?rest_route=\/wp\/v2\/pages\/6657"}],"collection":[{"href":"https:\/\/juntadegobierno.uabc.mx\/index.php?rest_route=\/wp\/v2\/pages"}],"about":[{"href":"https:\/\/juntadegobierno.uabc.mx\/index.php?rest_route=\/wp\/v2\/types\/page"}],"author":[{"embeddable":true,"href":"https:\/\/juntadegobierno.uabc.mx\/index.php?rest_route=\/wp\/v2\/users\/1"}],"replies":[{"embeddable":true,"href":"https:\/\/juntadegobierno.uabc.mx\/index.php?rest_route=%2Fwp%2Fv2%2Fcomments&post=6657"}],"version-history":[{"count":0,"href":"https:\/\/juntadegobierno.uabc.mx\/index.php?rest_route=\/wp\/v2\/pages\/6657\/revisions"}],"wp:attachment":[{"href":"https:\/\/juntadegobierno.uabc.mx\/index.php?rest_route=%2Fwp%2Fv2%2Fmedia&parent=6657"}],"curies":[{"name":"wp","href":"https:\/\/api.w.org\/{rel}","templated":true}]}}