{"id":6880,"date":"2022-02-08T16:44:38","date_gmt":"2022-02-08T16:44:38","guid":{"rendered":"http:\/\/216.158.92.118\/?page_id=6880"},"modified":"2026-02-18T19:20:32","modified_gmt":"2026-02-18T19:20:32","slug":"nombramientos-directores","status":"publish","type":"page","link":"https:\/\/juntadegobierno.uabc.mx\/?page_id=6880","title":{"rendered":"UABC &#8211; Junta de Gobierno &#8211; Nombramientos &#8211; Directores"},"content":{"rendered":"\t\t<div data-elementor-type=\"wp-page\" data-elementor-id=\"6880\" class=\"elementor elementor-6880\" data-elementor-settings=\"[]\">\n\t\t\t\t\t\t\t<div class=\"elementor-section-wrap\">\n\t\t\t\t\t\t\t<section class=\"elementor-section elementor-top-section elementor-element elementor-element-900cdb3 elementor-section-boxed elementor-section-height-default elementor-section-height-default\" data-id=\"900cdb3\" data-element_type=\"section\">\n\t\t\t\t\t\t\t<div class=\"elementor-background-overlay\"><\/div>\n\t\t\t\t\t\t\t<div class=\"elementor-container elementor-column-gap-default\">\n\t\t\t\t\t<div class=\"elementor-column elementor-col-100 elementor-top-column elementor-element elementor-element-4022230\" data-id=\"4022230\" data-element_type=\"column\">\n\t\t\t<div class=\"elementor-widget-wrap elementor-element-populated\">\n\t\t\t\t\t\t\t\t<section class=\"elementor-section elementor-inner-section elementor-element elementor-element-c224787 elementor-section-boxed elementor-section-height-default elementor-section-height-default\" data-id=\"c224787\" data-element_type=\"section\">\n\t\t\t\t\t\t<div class=\"elementor-container elementor-column-gap-default\">\n\t\t\t\t\t<div class=\"elementor-column elementor-col-100 elementor-inner-column elementor-element elementor-element-162261d\" data-id=\"162261d\" data-element_type=\"column\">\n\t\t\t<div class=\"elementor-widget-wrap elementor-element-populated\">\n\t\t\t\t\t\t\t\t<div class=\"elementor-element elementor-element-9dd0f06 elementor-widget elementor-widget-heading\" data-id=\"9dd0f06\" data-element_type=\"widget\" data-widget_type=\"heading.default\">\n\t\t\t\t<div class=\"elementor-widget-container\">\n\t\t\t<h2 class=\"elementor-heading-title elementor-size-default\">Directores<\/h2>\t\t<\/div>\n\t\t\t\t<\/div>\n\t\t\t\t<div class=\"elementor-element elementor-element-9b93051 elementor-widget elementor-widget-text-editor\" data-id=\"9b93051\" data-element_type=\"widget\" data-widget_type=\"text-editor.default\">\n\t\t\t\t<div class=\"elementor-widget-container\">\n\t\t\t\t\t\t\t\t<p>Los directores de las facultades, escuelas e institutos son nombrados por la Junta de Gobierno seleccion\u00e1ndolos de ternas formadas por el rector, quien previamente las somete a la aprobaci\u00f3n de los Consejos T\u00e9cnicos respectivos o, en su defecto, del Consejo Universitario.<br \/>Los directores deben ser mexicanos por nacimiento y llenar los requisitos que fija el T\u00edtulo III Cap\u00edtulo VI del\u00a0<a href=\"http:\/\/sriagral.uabc.mx\/Externos\/AbogadoGeneral\/Legislacion\/reglamentos\/ESTATUTO%20GENERAL%20DE%20LA%20UABC.pdf\" target=\"_blank\" rel=\"noopener\"><em>Estatuto General\u00a0<\/em><\/a>de la UABC para que las designaciones recaigan en las personas competentes y merecedoras de ejercer tales cargos.<\/p>\t\t\t\t\t\t<\/div>\n\t\t\t\t<\/div>\n\t\t\t\t<div class=\"elementor-element elementor-element-a603ff3 elementor-widget elementor-widget-shortcode\" data-id=\"a603ff3\" data-element_type=\"widget\" data-widget_type=\"shortcode.default\">\n\t\t\t\t<div class=\"elementor-widget-container\">\n\t\t\t\t\t<div class=\"elementor-shortcode\">\n<table id=\"tablepress-70\" class=\"tablepress tablepress-id-70\">\n<thead>\n<tr class=\"row-1 odd\">\n\t<th class=\"column-1\">Fecha del nombramiento<\/th><th class=\"column-2\">Escuela, facultad o instituto<\/th><th class=\"column-3\">Director(a) nombrado(a)<\/th>\n<\/tr>\n<\/thead>\n<tbody class=\"row-hover\">\n<tr class=\"row-2 even\">\n\t<td class=\"column-1\">24 marzo<\/td><td class=\"column-2\">Facultad de Medicina y Nutrici\u00f3n<\/td><td class=\"column-3\">MED. Hiram Javier Jaramillo Ram\u00edrez<\/td>\n<\/tr>\n<tr class=\"row-3 odd\">\n\t<td class=\"column-1\">24 marzo<\/td><td class=\"column-2\">Instituto de Investigaciones Culturales - Museo<\/td><td class=\"column-3\">Mtro. David Bautista Toledo<\/td>\n<\/tr>\n<\/tbody>\n<\/table>\n<\/div>\n\t\t\t\t<\/div>\n\t\t\t\t<\/div>\n\t\t\t\t\t<\/div>\n\t\t<\/div>\n\t\t\t\t\t\t\t<\/div>\n\t\t<\/section>\n\t\t\t\t\t<\/div>\n\t\t<\/div>\n\t\t\t\t\t\t\t<\/div>\n\t\t<\/section>\n\t\t\t\t\t\t<\/div>\n\t\t\t\t\t<\/div>\n\t\t","protected":false},"excerpt":{"rendered":"<p>Directores Los directores de las facultades, escuelas e institutos son nombrados por la Junta de Gobierno seleccion\u00e1ndolos de ternas formadas por el rector, quien previamente las somete a la aprobaci\u00f3n de los Consejos T\u00e9cnicos respectivos o, en su defecto, del Consejo Universitario.Los directores deben ser mexicanos por nacimiento y llenar los requisitos que fija el &hellip;<\/p>\n<p class=\"read-more\"> <a class=\"\" href=\"https:\/\/juntadegobierno.uabc.mx\/?page_id=6880\"> <span class=\"screen-reader-text\">UABC &#8211; Junta de Gobierno &#8211; Nombramientos &#8211; Directores<\/span> Read More \u00bb<\/a><\/p>\n","protected":false},"author":1,"featured_media":0,"parent":0,"menu_order":0,"comment_status":"closed","ping_status":"closed","template":"","meta":[],"rttpg_featured_image_url":null,"rttpg_author":{"display_name":"admin","author_link":"https:\/\/juntadegobierno.uabc.mx\/?author=1"},"rttpg_comment":0,"rttpg_category":null,"rttpg_excerpt":"Directores Los directores de las facultades, escuelas e institutos son nombrados por la Junta de Gobierno seleccion\u00e1ndolos de ternas formadas por el rector, quien previamente las somete a la aprobaci\u00f3n de los Consejos T\u00e9cnicos respectivos o, en su defecto, del Consejo Universitario.Los directores deben ser mexicanos por nacimiento y llenar los requisitos que fija el&hellip;","_links":{"self":[{"href":"https:\/\/juntadegobierno.uabc.mx\/index.php?rest_route=\/wp\/v2\/pages\/6880"}],"collection":[{"href":"https:\/\/juntadegobierno.uabc.mx\/index.php?rest_route=\/wp\/v2\/pages"}],"about":[{"href":"https:\/\/juntadegobierno.uabc.mx\/index.php?rest_route=\/wp\/v2\/types\/page"}],"author":[{"embeddable":true,"href":"https:\/\/juntadegobierno.uabc.mx\/index.php?rest_route=\/wp\/v2\/users\/1"}],"replies":[{"embeddable":true,"href":"https:\/\/juntadegobierno.uabc.mx\/index.php?rest_route=%2Fwp%2Fv2%2Fcomments&post=6880"}],"version-history":[{"count":0,"href":"https:\/\/juntadegobierno.uabc.mx\/index.php?rest_route=\/wp\/v2\/pages\/6880\/revisions"}],"wp:attachment":[{"href":"https:\/\/juntadegobierno.uabc.mx\/index.php?rest_route=%2Fwp%2Fv2%2Fmedia&parent=6880"}],"curies":[{"name":"wp","href":"https:\/\/api.w.org\/{rel}","templated":true}]}}